f 432744?
3
What is the hundred thousands digit of 101469?
1
What is the hundred thousands digit of 22209958?
2
What is the tens digit of 3451653?
5
What is the hundreds digit of 2081764?
7
What is the tens digit of 2592508?
0
What is the hundred thousands digit of 185841?
1
What is the units digit of 188758?
8
What is the millions digit of 7846243?
7
What is the hundreds digit of 3354382?
3
What is the hundreds digit of 824234?
2
What is the tens digit of 16426072?
7
What is the tens digit of 1533861?
6
What is the ten thousands digit of 492614?
9
What is the hundred thousands digit of 6046135?
0
What is the thousands digit of 908985?
8
What is the hundred thousands digit of 442706?
4
What is the hundred thousands digit of 234084?
2
What is the hundred thousands digit of 1478295?
4
What is the millions digit of 24228863?
4
What is the units digit of 39136997?
7
What is the hundred thousands digit of 177864?
1
What is the hundreds digit of 199363?
3
What is the ten thousands digit of 25113?
2
What is the tens digit of 2236727?
2
What is the hundreds digit of 108726?
7
What is the tens digit of 14745439?
3
What is the hundred thousands digit of 1625565?
6
What is the units digit of 6505394?
4
What is the millions digit of 3852444?
3
What is the units digit of 5328741?
1
What is the hundred thousands digit of 5821493?
8
What is the ten thousands digit of 428972?
2
What is the tens digit of 4458624?
2
What is the millions digit of 11167930?
1
What is the units digit of 58611?
1
What is the units digit of 16369801?
1
What is the tens digit of 487865?
6
What is the units digit of 1683044?
4
What is the units digit of 666317?
7
What is the thousands digit of 94956?
4
What is the hundreds digit of 24544791?
7
What is the ten thousands digit of 218253?
1
What is the hundred thousands digit of 1993858?
9
What is the hundred thousands digit of 4427855?
4
What is the units digit of 15678?
8
What is the thousands digit of 391406?
1
What is the units digit of 1935005?
5
What is the ten millions digit of 27989367?
2
What is the units digit of 351137?
7
What is the hundreds digit of 6125146?
1
What is the thousands digit of 21911912?
1
What is the hundred thousands digit of 5327023?
3
What is the ten thousands digit of 330234?
3
What is the units digit of 877451?
1
What is the hundreds digit of 1730243?
2
What is the millions digit of 4234624?
4
What is the millions digit of 16640214?
6
What is the hundreds digit of 1385327?
3
What is the hundred thousands digit of 228632?
2
What is the ten thousands digit of 441990?
4
What is the thousands digit of 200011?
0
What is the units digit of 523743?
3
What is the ten millions digit of 20826703?
2
What is the tens digit of 268027?
2
What is the millions digit of 1235472?
1
What is the hundred thousands digit of 1767762?
7
What is the ten millions digit of 10059679?
1
What is the hundred thousands digit of 4267143?
2
What is the thousands digit of 3306182?
6
What is the millions digit of 1124810?
1
What is the tens digit of 28835196?
9
What is the thousands digit of 2411431?
1
What is the thousands digit of 1876060?
6
What is the hundred thousands digit of 13081467?
0
What is the tens digit of 1158175?
7
What is the thousands digit of 200069?
0
What is the units digit of 391893?
3
What is the hundred thousands digit of 1014869?
0
What is the hundred thousands digit of 2550339?
5
What is the hundred thousands digit of 190530?
1
What is the tens digit of 122434?
3
What is the hundreds digit of 870972?
9
What is the tens digit of 6070?
7
What is the thousands digit of 3314068?
4
What is the hundred thousands digit of 587608?
5
What is the hundreds digit of 234910?
9
What is the thousands digit of 1207791?
7
What is the thousands digit of 34117735?
7
What is the millions digit of 1297464?
1
What is the tens digit of 25427?
2
What is the ten thousands digit of 171011?
7
What is the hundreds digit of 1906143?
1
What is the ten thousands digit of 5089073?
8
What is the units digit of 4440137?
7
What is the thousands digit of 291799?
1
What is the ten thousands digit of 8005060?
0
What is the hundreds digit of 506108?
1
What is the hundred thousands digit of 895609?
8
What is the hundreds digit of 860898?
8
What is the ten thousands digit of 94404?
9
What is the units digit of 289886?
6
What is the hundreds digit of 8329086?
0
What is the hundred thousands digit of 134404?
1
What is the units digit of 232732?
2
What is the units digit of 132486?
6
What is the hundreds digit of 5353723?
7
What is the tens digit of 543340?
4
What is the hundreds digit of 180833?
8
What is the hundred thousands digit of 1605390?
6
What is the thousands digit of 3234411?
4
What is the tens digit of 7595513?
1
What is the units digit of 318671?
1
What is the thousands digit of 10375323?
5
What is the thousands digit of 3505118?
5
What is the tens digit of 2001289?
8
What is the hundreds digit of 136677?
6
What is the ten thousands digit of 201108?
0
What is the thousands digit of 40759?
0
What is the tens digit of 36187901?
0
What is the tens digit of 98911?
1
What is the hundred thousands digit of 9123646?
1
What is the hundred thousands digit of 248682?
2
What is the hundreds digit of 25091070?
0
What is the hundreds digit of 1034388?
3
What is the thousands digit of 217130?
7
What is the hundred thousands digit of 19472360?
4
What is the hundred thousands digit of 7430909?
4
What is the ten millions digit of 24109511?
2
What is the tens digit of 9758681?
8
What is the ten thousands digit of 2086956?
8
What is the hundreds digit of 2101436?
4
What is the hundred thousands digit of 2352630?
3
What is the hundred thousands digit of 261403?
2
What is the hundreds digit of 21055670?
6
What is the thousands digit of 20375614?
5
What is the units digit of 22553015?
5
What is the hundred thousands digit of 456971?
4
What is the units digit of 13873644?
4
What is the thousands digit of 2580807?
0
What is the hundred thousands digit of 160369?
1
What is the units digit of 220195?
5
What is the tens digit of 730074?
7
What is the tens digit of 349191?
9
What is the thousands digit of 5329?
5
What is the thousands digit of 17464417?
4
What is the tens digit of 23873?
7
What is the hundreds digit of 391579?
5
What is the units digit of 881176?
6
What is the units digit of 177670?
0
What is the thousands digit of 1371319?
1
What is the thousands digit of 221877?
1
What is the hundred thousands digit of 494166?
4
What is the hundred thousands digit of 650388?
6
What is the units digit of 3315596?
6
What is the thousands digit of 1242590?
2
What is the hundred thousands digit of 182798?
1
What is the hundred thousands digit of 225425?
2
What is the units digit of 682609?
9
What is the ten millions digit of 12521214?
1
What is the ten thousands digit of 140126?
4
What is the hundreds digit of 12343642?
6
What is the hundreds digit of 5255325?
3
What is the millions digit of 5178469?
5
What is the thousands digit of 1005909?
5
What is the thousands digit of 10726306?
6
What is the tens digit of 16349995?
9
What is the hundreds digit of 6783386?
3
What is the tens digit of 2035996?
9
What is the ten thousands digit of 309180?
0
What is the ten thousands digit of 6016359?
1
What is the hundred thousands digit of 397342?
3
What is the ten thousands digit of 417478?
1
What is the units digit of 17567242?
2
What is the hundred thousands digit of 15105858?
1
What is the hundred thousands digit of 763217?
7
What is the ten thousands digit of 210799?
1
What is the units digit of 501407?
7
What is the ten thousands digit of 429600?
2
What is the units digit of 234527?
7
What is the hundreds digit of 936877?
8
What is the tens digit of 23882?
8
What is the hundreds digit of 80326?
3
What is the tens digit of 1016894?
9
What is the hundred thousands digit of 7689280?
6
What is the hundreds digit of 4086141?
1
What is the hundred thousands digit of 400488?
4
What is the hundreds digit of 19615534?
5
What is the millions digit of 1743176?
1
What is the hundred thousands digit of 572719?
5
What is the ten thousands digit of 17278879?
7
What is the millions digit of 2185903?
2
What is the units digit of 828902?
2
What is the hundred thousands digit of 350590?
3
What is 